of 743?
True
Does 2217 divide 18454232?
False
Does 171 divide 62577792?
True
Is 1673106 a multiple of 282?
True
Does 469 divide 180773236?
True
Is 1450002365 a multiple of 3000?
False
Does 198 divide 14069682?
True
Does 29 divide 11242164?
False
Is 51 a factor of 328252679?
False
Is 60 a factor of 9441960?
True
Is 34 a factor of 5319115278?
True
Is 7 a factor of 21754887?
True
Is 23 a factor of 382362971?
True
Does 3946 divide 55459739?
False
Does 6857 divide 1480680009?
True
Is 624 a factor of 471905489?
False
Is 29 a factor of 38764373?
False
Is 395852760 a multiple of 120?
True
Does 426 divide 131739625?
False
Is 27690540 a multiple of 1931?
True
Is 386 a factor of 70963703?
False
Is 212141623 a multiple of 137?
True
Is 26825351 a multiple of 581?
True
Does 31 divide 775927?
False
Is 15 a factor of 584715288?
False
Is 99116959 a multiple of 318?
False
Does 3 divide 204149662?
False
Does 8 divide 6921104?
True
Is 43010871 a multiple of 68?
False
Does 652 divide 19788005?
False
Is 174919074 a multiple of 331?
False
Is 163287974 a multiple of 5?
False
Is 121 a factor of 29486006?
True
Is 61578 a multiple of 11?
True
Is 12558360 a multiple of 6?
True
Is 492 a factor of 77265648?
True
Is 600 a factor of 6694800?
True
Does 9450 divide 1622910450?
False
Does 120 divide 3590880?
True
Is 839109528 a multiple of 180?
False
Does 368 divide 44424892?
False
Does 19 divide 137886857?
True
Does 43 divide 107482279?
False
Does 517 divide 10670330?
False
Does 1175 divide 65815275?
True
Is 402 a factor of 44987820?
True
Is 1167 a factor of 6689510?
False
Is 152 a factor of 381683856?
True
Is 53 a factor of 44785625?
False
Is 245 a factor of 4751530?
True
Is 9 a factor of 1243130?
False
Is 1501234328 a multiple of 31?
False
Is 68404546 a multiple of 463?
True
Is 352 a factor of 359558246?
False
Does 3 divide 4765894?
False
Is 5758919 a multiple of 64?
False
Is 315 a factor of 325328535?
True
Is 157 a factor of 46787512?
False
Is 87 a factor of 735296791?
False
Is 973095058 a multiple of 19?
False
Is 39472686 a multiple of 2671?
False
Is 14 a factor of 67020554?
False
Is 390842792 a multiple of 62?
True
Does 880 divide 122114080?
True
Is 12242097 a multiple of 27?
True
Does 9 divide 5822766?
True
Does 228 divide 9109174?
False
Is 831 a factor of 100914147?
True
Is 467 a factor of 53084824?
True
Is 140 a factor of 1034862500?
True
Is 95655339 a multiple of 13?
True
Is 1303475878 a multiple of 4771?
False
Does 22 divide 303404200?
True
Is 127 a factor of 46371383?
True
Is 41 a factor of 442170807?
False
Is 352359983 a multiple of 83?
True
Is 362210940 a multiple of 4563?
True
Is 13 a factor of 261298986?
True
Is 534433377 a multiple of 401?
False
Is 61 a factor of 28760086?
False
Does 401 divide 1356279042?
True
Is 39794866 a multiple of 15?
False
Is 208451880 a multiple of 156?
True
Does 10 divide 75602844?
False
Is 3250 a factor of 1954250860?
False
Is 15067653 a multiple of 257?
True
Is 5 a factor of 42551345?
True
Does 3 divide 9887403?
True
Is 41566060 a multiple of 10?
True
Does 196 divide 214765963?
False
Is 7141 a factor of 260275168?
True
Does 5 divide 1017377300?
True
Is 132781990 a multiple of 22?
True
Does 203 divide 3347064?
True
Is 16985920 a multiple of 51?
False
Does 2349 divide 37457154?
True
Is 6 a factor of 997268651?
False
Is 1769299749 a multiple of 9411?
False
Is 1786 a factor of 636932250?
True
Is 1770299383 a multiple of 1335?
False
Is 233 a factor of 410615513?
False
Is 602125097 a multiple of 1077?
False
Does 221 divide 168284754?
False
Is 8643550 a multiple of 386?
False
Is 3123875736 a multiple of 13?
False
Is 36 a factor of 7193313684?
True
Does 118 divide 2594820?
True
Is 102 a factor of 586028859?
False
Does 91 divide 734872502?
True
Is 150508041 a multiple of 424?
False
Is 956055 a multiple of 5?
True
Does 5 divide 1892161?
False
Is 8376 a factor of 318154598?
False
Is 30430578 a multiple of 13?
False
Is 44529056 a multiple of 962?
True
Is 4 a factor of 40946303?
False
Is 396 a factor of 293753196?
True
Is 45 a factor of 15431919?
False
Does 108 divide 1186455877?
False
Is 21 a factor of 23860261?
False
Is 47 a factor of 1733260266?
True
Is 307989484 a multiple of 89?
True
Is 13014720 a multiple of 5?
True
Does 305 divide 1170020260?
True
Does 1386 divide 22637538?
True
Is 2 a factor of 5156848?
True
Is 14965219 a multiple of 73?
True
Is 3287848093 a multiple of 289?
True
Does 7 divide 574317779?
True
Does 57 divide 942207959?
False
Does 1602 divide 25123506?
False
Is 11228920 a multiple of 90?
False
Is 230 a factor of 33540331?
False
Does 204 divide 27047340?
True
Is 77549462 a multiple of 2986?
False
Is 31 a factor of 109486557?
False
Does 115 divide 53668455?
False
Is 289641397 a multiple of 113?
False
Is 33 a factor of 44294910?
True
Does 1114 divide 9474003?
False
Is 1226 a factor of 394857820?
True
Is 252083950 a multiple of 290?
True
Is 45662309 a multiple of 6?
False
Does 12 divide 81181352?
False
Is 1158 a factor of 353713416?
True
Does 219 divide 49500570?
True
Does 118 divide 497289383?
False
Is 89216026 a multiple of 78?
False
Does 166 divide 1372139341?
False
Does 3679 divide 91501869?
False
Is 9 a factor of 209440537?
False
Is 431 a factor of 147422257?
True
Is 29 a factor of 254767610?
True
Is 804 a factor of 10521948?
True
Is 2609 a factor of 317105687?
True
Is 512019935 a multiple of 3295?
True
Does 902 divide 733662552?
False
Is 525187077 a multiple of 223?
True
Does 973 divide 95241899?
False
Does 12 divide 503792298?
False
Is 60878545 a multiple of 35?
True
Is 6196827 a multiple of 39?
True
Is 3216 a factor of 665747376?
True
Is 48 a factor of 357337673?
False
Is 44657592 a multiple of 56?
True
Does 3121 divide 893559823?
False
Is 7 a factor of 442568985?
False
Is 65315488 a multiple of 18?
False
Does 1206 divide 256695552?
False
Is 48 a factor of 286416420?
False
Is 61 a factor of 952107408?
False
Is 1551 a factor of 122515041?
True
Is 40 a factor of 164586790?
False
Is 100855541 a multiple of 2697?
False
Is 26 a factor of 444948088?
True
Does 4265 divide 894182840?
True
Is 1384309226 a multiple of 217?
False
Is 1019246660 a multiple of 25?
False
Is 610046464 a multiple of 171?
False
Does 946 divide 4593207?
False
Is 34911065 a multiple of 545?
True
Is 73158116 a multiple of 60?
False
Does 2916 divide 668513140?
False
Does 470 divide 7771696?
False
Is 829459848 a multiple of 492?
True
Is 8661996 a multiple of 111?
True
Is 5872 a factor of 113109311?
False
Is 32 a factor of 265257440?
True
Does 1803 divide 1939598886?
True
Does 2798 divide 73830074?
False
Is 1181386134 a multiple of 2879?
True
Does 259 divide 57004864?
True
Is 16904791 a multiple of 2?
False
Is 265 a factor of 79868085?
True
Is 7 a factor of 497401429?
True
Does 104 divide 135854368?
True
Is 67771469 a multiple of 32?
False
Is 65533520 a multiple of 122?
True
Does 1344 divide 93053080?
False
Is 4088613600 a multiple of 5748?
False
Is 29305620 a multiple of 157?
True
Is 621 a factor of 76249535?
False
Is 4191 a factor of 2443482921?
True
Is 12655026 a multiple of 38?
True
Does 246 divide 9708810?
False
Does 8 divide 11688452?
False
Is 198 a factor of 282198708?
True
Is 399 a factor of 2079301321?
False
Is 27142101 a multiple of 10?
False
Is 4531 a factor of 168512421?
True
Is 14 a factor of 2185209?
False
Is 64 a factor of 4667039?
False
Is 84712796 a multiple of 306?
False
Does 697 divide 18075987?
False
Does 11 divide 123265329?
True
Is 67217073 a multiple of 231?
True
Is 896506 a multiple of 4?
False
Is 247694616 a multiple of 48?
False
Is 539768655 a multiple of 2?
False
Is 17 a factor of 2701752618?
False
Is 193 a factor of 6875597?
False
Is 35860517 a multiple of 33?
False
Does 11 divide 149225336?
False
Is 286 a factor of 24090166?
False
Is 681593130 a multiple of 3501?
False
Does 630 divide 32413500?
True
Does 1371 divide 1143566181?
True
Is 161 a factor of 280809595?
False
Is 17276703 a multiple of 2855?
False
Does 247 divide 23104881?
False
Is 3180 a factor of 1392464760?
True
Is 5764446796 a multiple of 9165?
False
Is 99 a factor of 749001?
False
Does 465 divide 158219040?
True
Is 2254886 a multiple of 187?
False
Does 63 divide 21690396?
True
Is 8 a factor of 107484776?
True
Does 1479 divide 7310464?
False
Does 9 divide 101303927